{"id":234,"date":"2023-02-28T01:18:57","date_gmt":"2023-02-28T01:18:57","guid":{"rendered":"https:\/\/laland.vip\/?post_type=product&#038;p=234"},"modified":"2023-03-09T03:41:13","modified_gmt":"2023-03-09T03:41:13","slug":"dat-vuon-view-song-xa-tan-binh-huyen-tan-tru","status":"publish","type":"product","link":"https:\/\/laland.vip\/index.php\/product\/dat-vuon-view-song-xa-tan-binh-huyen-tan-tru\/","title":{"rendered":"\u0110\u1ea4T V\u01af\u1edcN VIEW S\u00d4NG X\u00c3 T\u00c2N B\u00ccNH HUY\u1ec6N T\u00c2N TR\u1ee4"},"content":{"rendered":"<p>-\u0110\u1ea5t v\u01b0\u1eddn tr\u1ed3ng c\u00e2y \u1ea5p 6, X\u00e3 T\u00e2n B\u00ecnh, Huy\u1ec7n T\u00e2n Tr\u1ee5, Long An.<\/p>\n<p>-Di\u1ec7n t\u00edch: 929,9 m<sup>2<\/sup><\/p>\n<p>-Gi\u00e1: 550 tri\u1ec7u th\u01b0\u01a1ng l\u01b0\u1ee3ng<\/p>\n<p>-G\u1ea7n khu di t\u00edch V\u00e0m Nh\u1ef1t T\u1ea3o,c\u00e1ch 500m t\u1edbi \u1ee7y b\u1ea3n X\u00e3 T\u00e2n B\u00ecnh, khu d\u00e2n c\u01b0 \u0111\u00f4ng \u0111\u00fac, \u0111i\u1ec7n n\u01b0\u1edbc \u0111\u1ea7y \u0111\u1ee7, khu c\u00f4ng nghi\u1ec7p An Nh\u1ef1t T\u00e2n 1km, tr\u01b0\u1eddng h\u1ecdc , b\u1ec7nh vi\u1ec7n\u2026<\/p>\n<p>-Thu\u1eadn l\u1ee3i cho\u00a0 tr\u1ed3ng c\u00e2y ki\u1ec3ng, bu\u00f4n b\u00e1n nh\u1ecf\u2026..<\/p>\n<p>-S\u1ed5 H\u1ed3ng c\u00f3 s\u1eb5n, C\u00f4ng ch\u1ee9ng trong v\u00f2ng 20 ng\u00e0y<\/p>\n","protected":false},"excerpt":{"rendered":"<p>-\u0110\u1ea5t v\u01b0\u1eddn tr\u1ed3ng c\u00e2y \u1ea5p 6, X\u00e3 T\u00e2n B\u00ecnh, Huy\u1ec7n T\u00e2n Tr\u1ee5, Long An. -Di\u1ec7n t\u00edch: 929,9 m2 -Gi\u00e1: 550 tri\u1ec7u th\u01b0\u01a1ng l\u01b0\u1ee3ng -G\u1ea7n khu&hellip;<\/p>\n","protected":false},"featured_media":235,"comment_status":"open","ping_status":"closed","template":"","meta":[],"product_cat":[20,26],"product_tag":[],"class_list":{"0":"post-234","1":"product","2":"type-product","3":"status-publish","4":"has-post-thumbnail","6":"product_cat-dat-vuon","7":"product_cat-tan-tru","9":"first","10":"instock","11":"shipping-taxable","12":"purchasable","13":"product-type-simple","14":"customify-col","15":"product-has-gallery"},"_links":{"self":[{"href":"https:\/\/laland.vip\/index.php\/wp-json\/wp\/v2\/product\/234","targetHints":{"allow":["GET"]}}],"collection":[{"href":"https:\/\/laland.vip\/index.php\/wp-json\/wp\/v2\/product"}],"about":[{"href":"https:\/\/laland.vip\/index.php\/wp-json\/wp\/v2\/types\/product"}],"replies":[{"embeddable":true,"href":"https:\/\/laland.vip\/index.php\/wp-json\/wp\/v2\/comments?post=234"}],"wp:featuredmedia":[{"embeddable":true,"href":"https:\/\/laland.vip\/index.php\/wp-json\/wp\/v2\/media\/235"}],"wp:attachment":[{"href":"https:\/\/laland.vip\/index.php\/wp-json\/wp\/v2\/media?parent=234"}],"wp:term":[{"taxonomy":"product_cat","embeddable":true,"href":"https:\/\/laland.vip\/index.php\/wp-json\/wp\/v2\/product_cat?post=234"},{"taxonomy":"product_tag","embeddable":true,"href":"https:\/\/laland.vip\/index.php\/wp-json\/wp\/v2\/product_tag?post=234"}],"curies":[{"name":"wp","href":"https:\/\/api.w.org\/{rel}","templated":true}]}}