{"id":414,"date":"2023-09-18T13:25:43","date_gmt":"2023-09-18T13:25:43","guid":{"rendered":"https:\/\/laland.vip\/?post_type=product&#038;p=414"},"modified":"2023-09-18T13:25:43","modified_gmt":"2023-09-18T13:25:43","slug":"dat-vuon-mat-tien-kenh-lon-duoc-chuyen-tho-cu","status":"publish","type":"product","link":"https:\/\/laland.vip\/index.php\/product\/dat-vuon-mat-tien-kenh-lon-duoc-chuyen-tho-cu\/","title":{"rendered":"\u0110\u1ea4T V\u01af\u1edcN M\u1eb6T TI\u1ec0N K\u00caNH L\u1edaN &#8211; \u0110\u01af\u1ee2C CHUY\u1ec2N TH\u1ed4 C\u01af."},"content":{"rendered":"<p>\ud83e\udd29\ud83e\udd29 1192m\u00b2 M\u1eb6T TI\u1ec0N K\u00caNH L\u1edaN 690TR<\/p>\n<p>&#8211; V\u1ecb tr\u00ed: \u0111\u01b0\u1eddng 6m m\u1eb7t ti\u1ec1n k\u00eanh R\u1ecdc Tr\u00e2m, x\u00e3 B\u00ecnh \u0110\u1ee9c, B\u1ebfn L\u1ee9c, LA. C\u00e1ch \u0111\u01b0\u1eddng li\u00ean \u1ea5p 5-6 150m, \u0111\u01b0\u1eddng th\u00f4ng t\u1ee9 h\u01b0\u1edbng<\/p>\n<p>\ud83c\udfd5 \u0110\u01b0\u1ee3c chuy\u1ec3n th\u1ed5<\/p>\n<p>&#8211; 240m\u00b2 \u0111\u01b0\u1ee3c chuy\u1ec3n th\u1ed5 x\u00e2y c\u1ea5t t\u1ef1 do v\u00ec n\u1eb1m ngo\u00e0i h\u00e0nh lang b\u1ea3o v\u1ec7 l\u01b0\u1edbi \u0111i\u1ec7n, g\u1ea7n 1 c\u00f4ng \u0111\u1ea5t v\u01b0\u1eddn trong l\u01b0\u1edbi \u0111i\u1ec7n tr\u1ed3ng c\u00e2y l\u00e0m v\u01b0\u1eddn tho\u1ea3i m\u00e1i<br \/>\n&#8211; Khu \u0111\u00f4ng d\u00e2n c\u01b0, \u0111i\u1ec7n n\u01b0\u1edbc \u0111\u1ea7y \u0111\u1ee7<br \/>\n&#8211; \u0110\u1ea5t ng\u1eafn h\u1eadu ch\u1ec9 65m d\u00e0i<br \/>\n&#8211; S\u1ed5 h\u1ed3ng c\u00f3 s\u1eb5n, bao to\u00e0n b\u1ed9 chi ph\u00ed<br \/>\nhttps:\/\/goo.gl\/maps\/YKNieGCJmtPH2sTo7<\/p>\n","protected":false},"excerpt":{"rendered":"<p>\ud83e\udd29\ud83e\udd29 1192m\u00b2 M\u1eb6T TI\u1ec0N K\u00caNH L\u1edaN 690TR &#8211; V\u1ecb tr\u00ed: \u0111\u01b0\u1eddng 6m m\u1eb7t ti\u1ec1n k\u00eanh R\u1ecdc Tr\u00e2m, x\u00e3 B\u00ecnh \u0110\u1ee9c, B\u1ebfn L\u1ee9c, LA. C\u00e1ch \u0111\u01b0\u1eddng&hellip;<\/p>\n","protected":false},"featured_media":416,"comment_status":"open","ping_status":"closed","template":"","meta":[],"product_cat":[24,21,23,20],"product_tag":[],"class_list":{"0":"post-414","1":"product","2":"type-product","3":"status-publish","4":"has-post-thumbnail","6":"product_cat-ben-luc","7":"product_cat-dat-tho","8":"product_cat-dat-thovuon","9":"product_cat-dat-vuon","11":"first","12":"instock","13":"shipping-taxable","14":"purchasable","15":"product-type-simple","16":"customify-col","17":"product-has-gallery"},"_links":{"self":[{"href":"https:\/\/laland.vip\/index.php\/wp-json\/wp\/v2\/product\/414","targetHints":{"allow":["GET"]}}],"collection":[{"href":"https:\/\/laland.vip\/index.php\/wp-json\/wp\/v2\/product"}],"about":[{"href":"https:\/\/laland.vip\/index.php\/wp-json\/wp\/v2\/types\/product"}],"replies":[{"embeddable":true,"href":"https:\/\/laland.vip\/index.php\/wp-json\/wp\/v2\/comments?post=414"}],"wp:featuredmedia":[{"embeddable":true,"href":"https:\/\/laland.vip\/index.php\/wp-json\/wp\/v2\/media\/416"}],"wp:attachment":[{"href":"https:\/\/laland.vip\/index.php\/wp-json\/wp\/v2\/media?parent=414"}],"wp:term":[{"taxonomy":"product_cat","embeddable":true,"href":"https:\/\/laland.vip\/index.php\/wp-json\/wp\/v2\/product_cat?post=414"},{"taxonomy":"product_tag","embeddable":true,"href":"https:\/\/laland.vip\/index.php\/wp-json\/wp\/v2\/product_tag?post=414"}],"curies":[{"name":"wp","href":"https:\/\/api.w.org\/{rel}","templated":true}]}}